{"id":329,"date":"2024-01-10T15:10:29","date_gmt":"2024-01-10T14:10:29","guid":{"rendered":"https:\/\/ecoprev.fr\/?page_id=329"},"modified":"2026-03-23T09:36:45","modified_gmt":"2026-03-23T08:36:45","slug":"travail-en-hauteur-port-du-harnais","status":"publish","type":"page","link":"https:\/\/ecoprev.fr\/index.php\/travail-en-hauteur-port-du-harnais\/","title":{"rendered":"TRAVAIL EN HAUTEUR \/ PORT DU HARNAIS"},"content":{"rendered":"\t\t<div data-elementor-type=\"wp-page\" data-elementor-id=\"329\" class=\"elementor elementor-329\">\n\t\t\t\t\t\t<section class=\"elementor-section elementor-top-section elementor-element elementor-element-781bfb5b elementor-section-height-min-height elementor-section-boxed elementor-section-height-default elementor-section-items-middle\" data-id=\"781bfb5b\" data-element_type=\"section\" data-settings=\"{&quot;background_background&quot;:&quot;classic&quot;}\">\n\t\t\t\t\t\t\t<div class=\"elementor-background-overlay\"><\/div>\n\t\t\t\t\t\t\t<div class=\"elementor-container elementor-column-gap-extended\">\n\t\t\t\t\t<div class=\"elementor-column elementor-col-100 elementor-top-column elementor-element elementor-element-562823df\" data-id=\"562823df\" data-element_type=\"column\">\n\t\t\t<div class=\"elementor-widget-wrap elementor-element-populated\">\n\t\t\t\t\t\t<div class=\"elementor-element elementor-element-93c4c33 elementor-widget elementor-widget-heading\" data-id=\"93c4c33\" data-element_type=\"widget\" data-widget_type=\"heading.default\">\n\t\t\t\t<div class=\"elementor-widget-container\">\n\t\t\t\t\t<h1 class=\"elementor-heading-title elementor-size-default\">TRAVAIL EN HAUTEUR \/ PORT DU HARNAIS<\/h1>\t\t\t\t<\/div>\n\t\t\t\t<\/div>\n\t\t\t\t\t<\/div>\n\t\t<\/div>\n\t\t\t\t\t<\/div>\n\t\t<\/section>\n\t\t\t\t<section class=\"elementor-section elementor-top-section elementor-element elementor-element-3546e979 elementor-section-content-middle elementor-section-boxed elementor-section-height-default elementor-section-height-default\" data-id=\"3546e979\" data-element_type=\"section\" data-settings=\"{&quot;background_background&quot;:&quot;classic&quot;}\">\n\t\t\t\t\t\t<div class=\"elementor-container elementor-column-gap-default\">\n\t\t\t\t\t<div class=\"elementor-column elementor-col-50 elementor-top-column elementor-element elementor-element-6d788ae4\" data-id=\"6d788ae4\" data-element_type=\"column\">\n\t\t\t<div class=\"elementor-widget-wrap elementor-element-populated\">\n\t\t\t\t\t\t<div class=\"elementor-element elementor-element-4823e4dc elementor-widget elementor-widget-image\" data-id=\"4823e4dc\" data-element_type=\"widget\" data-widget_type=\"image.default\">\n\t\t\t\t<div class=\"elementor-widget-container\">\n\t\t\t\t\t\t\t\t\t\t\t\t\t\t\t<img fetchpriority=\"high\" decoding=\"async\" width=\"449\" height=\"334\" src=\"https:\/\/ecoprev.fr\/wp-content\/uploads\/2024\/01\/Echafaudage_pied.png\" class=\"attachment-full size-full wp-image-251\" alt=\"\" srcset=\"https:\/\/ecoprev.fr\/wp-content\/uploads\/2024\/01\/Echafaudage_pied.png 449w, https:\/\/ecoprev.fr\/wp-content\/uploads\/2024\/01\/Echafaudage_pied-300x223.png 300w\" sizes=\"(max-width: 449px) 100vw, 449px\" \/>\t\t\t\t\t\t\t\t\t\t\t\t\t\t\t<\/div>\n\t\t\t\t<\/div>\n\t\t\t\t\t<\/div>\n\t\t<\/div>\n\t\t\t\t<div class=\"elementor-column elementor-col-50 elementor-top-column elementor-element elementor-element-7700a2eb\" data-id=\"7700a2eb\" data-element_type=\"column\">\n\t\t\t<div class=\"elementor-widget-wrap elementor-element-populated\">\n\t\t\t\t\t\t<div class=\"elementor-element elementor-element-41d50828 elementor-widget elementor-widget-heading\" data-id=\"41d50828\" data-element_type=\"widget\" data-widget_type=\"heading.default\">\n\t\t\t\t<div class=\"elementor-widget-container\">\n\t\t\t\t\t<h2 class=\"elementor-heading-title elementor-size-default\">Le travail en hauteur, un risque majeur<\/h2>\t\t\t\t<\/div>\n\t\t\t\t<\/div>\n\t\t\t\t<div class=\"elementor-element elementor-element-d06c4a4 elementor-widget elementor-widget-text-editor\" data-id=\"d06c4a4\" data-element_type=\"widget\" data-widget_type=\"text-editor.default\">\n\t\t\t\t<div class=\"elementor-widget-container\">\n\t\t\t\t\t\t\t\t\t<p style=\"margin-bottom: 0.5rem; line-height: 1.6rem; color: #212529; font-family: 'Open Sans', sans-serif; background-color: #ffffff;\"><span style=\"font-weight: var(--bodyfontweight); letter-spacing: var(--bodyletterspacing); text-transform: var(--bodytexttransform);\">Les&nbsp;<\/span><span style=\"letter-spacing: var(--bodyletterspacing); text-transform: var(--bodytexttransform); font-weight: bold;\">accidents du travail en 2022&nbsp;<\/span><span style=\"font-weight: var(--bodyfontweight); letter-spacing: var(--bodyletterspacing); text-transform: var(--bodytexttransform);\">surviennent majoritairement au sein des activit\u00e9s de la sant\u00e9, du nettoyage et du travail temporaire (29 % des accidents du travail en 2022), de l\u2019alimentation (17 %), du transport (15 %) et du BTP (14 %). Les principaux facteurs de risque sont les manutentions manuelles (environ 50%) <\/span><span style=\"letter-spacing: var(--bodyletterspacing); text-transform: var(--bodytexttransform);\"><b>et les chutes de plain-pied et de hauteur (environ 30%).<\/b><\/span><\/p>\t\t\t\t\t\t\t\t<\/div>\n\t\t\t\t<\/div>\n\t\t\t\t\t<\/div>\n\t\t<\/div>\n\t\t\t\t\t<\/div>\n\t\t<\/section>\n\t\t\t\t<section class=\"elementor-section elementor-top-section elementor-element elementor-element-8a232f0 elementor-section-content-middle elementor-section-boxed elementor-section-height-default elementor-section-height-default\" data-id=\"8a232f0\" data-element_type=\"section\" data-settings=\"{&quot;background_background&quot;:&quot;classic&quot;}\">\n\t\t\t\t\t\t<div class=\"elementor-container elementor-column-gap-default\">\n\t\t\t\t\t<div class=\"elementor-column elementor-col-50 elementor-top-column elementor-element elementor-element-4c6a305\" data-id=\"4c6a305\" data-element_type=\"column\">\n\t\t\t<div class=\"elementor-widget-wrap elementor-element-populated\">\n\t\t\t\t\t\t<div class=\"elementor-element elementor-element-d128c56 elementor-widget elementor-widget-heading\" data-id=\"d128c56\" data-element_type=\"widget\" data-widget_type=\"heading.default\">\n\t\t\t\t<div class=\"elementor-widget-container\">\n\t\t\t\t\t<h2 class=\"elementor-heading-title elementor-size-default\">Porter le harnais de s\u00e9curit\u00e9 pour se prot\u00e9ger<\/h2>\t\t\t\t<\/div>\n\t\t\t\t<\/div>\n\t\t\t\t<div class=\"elementor-element elementor-element-bcf59e4 elementor-widget elementor-widget-text-editor\" data-id=\"bcf59e4\" data-element_type=\"widget\" data-widget_type=\"text-editor.default\">\n\t\t\t\t<div class=\"elementor-widget-container\">\n\t\t\t\t\t\t\t\t\t<p><span style=\"background-color: rgb(255, 255, 255); color: rgb(33, 37, 41); font-family: &quot;Open Sans&quot;, sans-serif; font-weight: var(--bodyfontweight); letter-spacing: var(--bodyletterspacing); text-transform: var(--bodytexttransform);\">Le harnais de s\u00e9curit\u00e9 permet de stopper une chute de hauteur. C&rsquo;est l&rsquo;\u00e9quipement de protection individuelle essentiel et indispensable pour toute op\u00e9ration de hauteur \u00e0 risque de chute.<\/span><\/p>\t\t\t\t\t\t\t\t<\/div>\n\t\t\t\t<\/div>\n\t\t\t\t\t<\/div>\n\t\t<\/div>\n\t\t\t\t<div class=\"elementor-column elementor-col-50 elementor-top-column elementor-element elementor-element-4b8e13d\" data-id=\"4b8e13d\" data-element_type=\"column\">\n\t\t\t<div class=\"elementor-widget-wrap elementor-element-populated\">\n\t\t\t\t\t\t<div class=\"elementor-element elementor-element-2d8195d elementor-widget elementor-widget-image\" data-id=\"2d8195d\" data-element_type=\"widget\" data-widget_type=\"image.default\">\n\t\t\t\t<div class=\"elementor-widget-container\">\n\t\t\t\t\t\t\t\t\t\t\t\t\t\t\t<img decoding=\"async\" width=\"1870\" height=\"1836\" src=\"https:\/\/ecoprev.fr\/wp-content\/uploads\/2024\/01\/20231207_104535-1.jpg\" class=\"attachment-full size-full wp-image-343\" alt=\"\" srcset=\"https:\/\/ecoprev.fr\/wp-content\/uploads\/2024\/01\/20231207_104535-1.jpg 1870w, https:\/\/ecoprev.fr\/wp-content\/uploads\/2024\/01\/20231207_104535-1-300x295.jpg 300w, https:\/\/ecoprev.fr\/wp-content\/uploads\/2024\/01\/20231207_104535-1-1024x1005.jpg 1024w, https:\/\/ecoprev.fr\/wp-content\/uploads\/2024\/01\/20231207_104535-1-768x754.jpg 768w, https:\/\/ecoprev.fr\/wp-content\/uploads\/2024\/01\/20231207_104535-1-1536x1508.jpg 1536w\" sizes=\"(max-width: 1870px) 100vw, 1870px\" \/>\t\t\t\t\t\t\t\t\t\t\t\t\t\t\t<\/div>\n\t\t\t\t<\/div>\n\t\t\t\t\t<\/div>\n\t\t<\/div>\n\t\t\t\t\t<\/div>\n\t\t<\/section>\n\t\t<div class=\"elementor-element elementor-element-e125473 e-flex e-con-boxed e-con e-parent\" data-id=\"e125473\" data-element_type=\"container\">\n\t\t\t\t\t<div class=\"e-con-inner\">\n\t\t<div class=\"elementor-element elementor-element-4107be3 e-flex e-con-boxed e-con e-child\" data-id=\"4107be3\" data-element_type=\"container\">\n\t\t\t\t\t<div class=\"e-con-inner\">\n\t\t<div class=\"elementor-element elementor-element-bc93c03 e-con-full e-flex e-con e-child\" data-id=\"bc93c03\" data-element_type=\"container\">\n\t\t\t\t<div class=\"elementor-element elementor-element-7931890 elementor-button-warning elementor-align-center elementor-widget elementor-widget-button\" data-id=\"7931890\" data-element_type=\"widget\" data-widget_type=\"button.default\">\n\t\t\t\t<div class=\"elementor-widget-container\">\n\t\t\t\t\t\t\t\t\t<div class=\"elementor-button-wrapper\">\n\t\t\t\t\t<a class=\"elementor-button elementor-button-link elementor-size-xl\" href=\"https:\/\/ecoprev.fr\/wp-content\/uploads\/2026\/03\/FP-TV-HAUTEUR-P-HARNAIS.pdf\">\n\t\t\t\t\t\t<span class=\"elementor-button-content-wrapper\">\n\t\t\t\t\t\t\t\t\t<span class=\"elementor-button-text\">TRAVAIL EN HAUTEUR\/PORT DU HARNAIS - PROGRAMME PDF<\/span>\n\t\t\t\t\t<\/span>\n\t\t\t\t\t<\/a>\n\t\t\t\t<\/div>\n\t\t\t\t\t\t\t\t<\/div>\n\t\t\t\t<\/div>\n\t\t\t\t<\/div>\n\t\t<div class=\"elementor-element elementor-element-281645d e-con-full e-flex e-con e-child\" data-id=\"281645d\" data-element_type=\"container\">\n\t\t\t\t<div class=\"elementor-element elementor-element-b64c99c elementor-align-center elementor-widget elementor-widget-button\" data-id=\"b64c99c\" data-element_type=\"widget\" data-widget_type=\"button.default\">\n\t\t\t\t<div class=\"elementor-widget-container\">\n\t\t\t\t\t\t\t\t\t<div class=\"elementor-button-wrapper\">\n\t\t\t\t\t<a class=\"elementor-button elementor-button-link elementor-size-xl\" href=\"https:\/\/ecoprev.fr\/index.php\/contact\/\">\n\t\t\t\t\t\t<span class=\"elementor-button-content-wrapper\">\n\t\t\t\t\t\t\t\t\t<span class=\"elementor-button-text\">TARIF : Nous consulter<\/span>\n\t\t\t\t\t<\/span>\n\t\t\t\t\t<\/a>\n\t\t\t\t<\/div>\n\t\t\t\t\t\t\t\t<\/div>\n\t\t\t\t<\/div>\n\t\t\t\t<\/div>\n\t\t\t\t\t<\/div>\n\t\t\t\t<\/div>\n\t\t\t\t\t<\/div>\n\t\t\t\t<\/div>\n\t\t<div class=\"elementor-element elementor-element-1260c93 e-flex e-con-boxed e-con e-parent\" data-id=\"1260c93\" data-element_type=\"container\">\n\t\t\t\t\t<div class=\"e-con-inner\">\n\t\t\t\t\t<\/div>\n\t\t\t\t<\/div>\n\t\t<div class=\"elementor-element elementor-element-a1ad6ac e-flex e-con-boxed e-con e-parent\" data-id=\"a1ad6ac\" data-element_type=\"container\">\n\t\t\t\t\t<div class=\"e-con-inner\">\n\t\t\t\t<div class=\"elementor-element elementor-element-b477898 elementor-widget elementor-widget-text-editor\" data-id=\"b477898\" data-element_type=\"widget\" data-widget_type=\"text-editor.default\">\n\t\t\t\t<div class=\"elementor-widget-container\">\n\t\t\t\t\t\t\t\t\t<h5>Les formations aux risques li\u00e9s au travail en hauteur, diffus\u00e9es par l&rsquo;organisme de formation ECOPREV, ont donn\u00e9 lieu \u00e0 un taux de satisfaction globale des stagiaires de :<\/h5>\t\t\t\t\t\t\t\t<\/div>\n\t\t\t\t<\/div>\n\t\t\t\t\t<\/div>\n\t\t\t\t<\/div>\n\t\t<div class=\"elementor-element elementor-element-b189a0c e-flex e-con-boxed e-con e-parent\" data-id=\"b189a0c\" data-element_type=\"container\">\n\t\t\t\t\t<div class=\"e-con-inner\">\n\t\t\t\t<div class=\"elementor-element elementor-element-b29992c elementor-button-success elementor-align-center elementor-widget elementor-widget-button\" data-id=\"b29992c\" data-element_type=\"widget\" data-widget_type=\"button.default\">\n\t\t\t\t<div class=\"elementor-widget-container\">\n\t\t\t\t\t\t\t\t\t<div class=\"elementor-button-wrapper\">\n\t\t\t\t\t<a class=\"elementor-button elementor-button-link elementor-size-lg\" href=\"#\">\n\t\t\t\t\t\t<span class=\"elementor-button-content-wrapper\">\n\t\t\t\t\t\t\t\t\t<span class=\"elementor-button-text\">96%<\/span>\n\t\t\t\t\t<\/span>\n\t\t\t\t\t<\/a>\n\t\t\t\t<\/div>\n\t\t\t\t\t\t\t\t<\/div>\n\t\t\t\t<\/div>\n\t\t\t\t<div class=\"elementor-element elementor-element-118d722 elementor-widget elementor-widget-image\" data-id=\"118d722\" data-element_type=\"widget\" data-widget_type=\"image.default\">\n\t\t\t\t<div class=\"elementor-widget-container\">\n\t\t\t\t\t\t\t\t\t\t\t\t\t\t\t<img decoding=\"async\" src=\"https:\/\/ecoprev.fr\/wp-content\/uploads\/elementor\/thumbs\/MEDAILLE-r9rm84bopufg5bu74m7sbxz60dw6a9hbeh9l1qn0xg.jpg\" title=\"MEDAILLE\" alt=\"MEDAILLE\" loading=\"lazy\" \/>\t\t\t\t\t\t\t\t\t\t\t\t\t\t\t<\/div>\n\t\t\t\t<\/div>\n\t\t\t\t\t<\/div>\n\t\t\t\t<\/div>\n\t\t\t\t<\/div>\n\t\t","protected":false},"excerpt":{"rendered":"<p>TRAVAIL EN HAUTEUR \/ PORT DU HARNAIS Le travail en hauteur, un risque majeur Les&nbsp;accidents du travail en 2022&nbsp;surviennent majoritairement au sein des activit\u00e9s de la sant\u00e9, du nettoyage et du travail temporaire (29 % des accidents du travail en 2022), de l\u2019alimentation (17 %), du transport (15 %) et du BTP (14 %). Les&hellip;&nbsp;<a href=\"https:\/\/ecoprev.fr\/index.php\/travail-en-hauteur-port-du-harnais\/\" rel=\"bookmark\">Lire la suite &raquo;<span class=\"screen-reader-text\">TRAVAIL EN HAUTEUR \/ PORT DU HARNAIS<\/span><\/a><\/p>\n","protected":false},"author":1,"featured_media":0,"parent":0,"menu_order":0,"comment_status":"closed","ping_status":"closed","template":"page-templates\/template-pagebuilder-full-width.php","meta":{"neve_meta_sidebar":"","neve_meta_container":"","neve_meta_enable_content_width":"","neve_meta_content_width":0,"neve_meta_title_alignment":"","neve_meta_author_avatar":"","neve_post_elements_order":"","neve_meta_disable_header":"","neve_meta_disable_footer":"","neve_meta_disable_title":"","_themeisle_gutenberg_block_has_review":false,"footnotes":""},"class_list":["post-329","page","type-page","status-publish","hentry"],"aioseo_notices":[],"_links":{"self":[{"href":"https:\/\/ecoprev.fr\/index.php\/wp-json\/wp\/v2\/pages\/329","targetHints":{"allow":["GET"]}}],"collection":[{"href":"https:\/\/ecoprev.fr\/index.php\/wp-json\/wp\/v2\/pages"}],"about":[{"href":"https:\/\/ecoprev.fr\/index.php\/wp-json\/wp\/v2\/types\/page"}],"author":[{"embeddable":true,"href":"https:\/\/ecoprev.fr\/index.php\/wp-json\/wp\/v2\/users\/1"}],"replies":[{"embeddable":true,"href":"https:\/\/ecoprev.fr\/index.php\/wp-json\/wp\/v2\/comments?post=329"}],"version-history":[{"count":43,"href":"https:\/\/ecoprev.fr\/index.php\/wp-json\/wp\/v2\/pages\/329\/revisions"}],"predecessor-version":[{"id":1790,"href":"https:\/\/ecoprev.fr\/index.php\/wp-json\/wp\/v2\/pages\/329\/revisions\/1790"}],"wp:attachment":[{"href":"https:\/\/ecoprev.fr\/index.php\/wp-json\/wp\/v2\/media?parent=329"}],"curies":[{"name":"wp","href":"https:\/\/api.w.org\/{rel}","templated":true}]}}