{"id":1307,"date":"2025-05-06T09:00:39","date_gmt":"2025-05-06T07:00:39","guid":{"rendered":"https:\/\/ecoprev.fr\/?page_id=1307"},"modified":"2026-03-23T09:25:26","modified_gmt":"2026-03-23T08:25:26","slug":"autorisation-d-intervention-a-proximite-des-reseaux-aipr-2","status":"publish","type":"page","link":"https:\/\/ecoprev.fr\/index.php\/autorisation-d-intervention-a-proximite-des-reseaux-aipr-2\/","title":{"rendered":"AUTORISATION D INTERVENTION A PROXIMITE DES RESEAUX (AIPR)"},"content":{"rendered":"\t\t<div data-elementor-type=\"wp-page\" data-elementor-id=\"1307\" class=\"elementor elementor-1307\">\n\t\t\t\t\t\t<section class=\"elementor-section elementor-top-section elementor-element elementor-element-3b480677 elementor-section-height-min-height elementor-section-boxed elementor-section-height-default elementor-section-items-middle\" data-id=\"3b480677\" data-element_type=\"section\" data-settings=\"{&quot;background_background&quot;:&quot;classic&quot;}\">\n\t\t\t\t\t\t\t<div class=\"elementor-background-overlay\"><\/div>\n\t\t\t\t\t\t\t<div class=\"elementor-container elementor-column-gap-extended\">\n\t\t\t\t\t<div class=\"elementor-column elementor-col-100 elementor-top-column elementor-element elementor-element-1dff172c\" data-id=\"1dff172c\" data-element_type=\"column\">\n\t\t\t<div class=\"elementor-widget-wrap elementor-element-populated\">\n\t\t\t\t\t\t<div class=\"elementor-element elementor-element-41d09c49 elementor-widget elementor-widget-heading\" data-id=\"41d09c49\" data-element_type=\"widget\" data-widget_type=\"heading.default\">\n\t\t\t\t<div class=\"elementor-widget-container\">\n\t\t\t\t\t<h1 class=\"elementor-heading-title elementor-size-default\">AUTORISATION D'INTERVENTION A PROXIMITE DES RESEAUX (AIPR)<\/h1>\t\t\t\t<\/div>\n\t\t\t\t<\/div>\n\t\t\t\t\t<\/div>\n\t\t<\/div>\n\t\t\t\t\t<\/div>\n\t\t<\/section>\n\t\t\t\t<section class=\"elementor-section elementor-top-section elementor-element elementor-element-efb3d95 elementor-section-content-middle elementor-section-boxed elementor-section-height-default elementor-section-height-default\" data-id=\"efb3d95\" data-element_type=\"section\" data-settings=\"{&quot;background_background&quot;:&quot;classic&quot;}\">\n\t\t\t\t\t\t<div class=\"elementor-container elementor-column-gap-default\">\n\t\t\t\t\t<div class=\"elementor-column elementor-col-50 elementor-top-column elementor-element elementor-element-8a18b9b\" data-id=\"8a18b9b\" data-element_type=\"column\">\n\t\t\t<div class=\"elementor-widget-wrap elementor-element-populated\">\n\t\t\t\t\t\t<div class=\"elementor-element elementor-element-405a704 elementor-widget elementor-widget-image\" data-id=\"405a704\" data-element_type=\"widget\" data-widget_type=\"image.default\">\n\t\t\t\t<div class=\"elementor-widget-container\">\n\t\t\t\t\t\t\t\t\t\t\t\t\t\t\t<img fetchpriority=\"high\" decoding=\"async\" width=\"1920\" height=\"2560\" src=\"https:\/\/ecoprev.fr\/wp-content\/uploads\/2025\/04\/Travaux_de_canalisation_et_de_connexion_aux_reseaux_future_construction_Rue_des_Andres_Saint-Maurice-de-Beynost_avril_2023-scaled.jpg\" class=\"attachment-full size-full wp-image-1145\" alt=\"\" srcset=\"https:\/\/ecoprev.fr\/wp-content\/uploads\/2025\/04\/Travaux_de_canalisation_et_de_connexion_aux_reseaux_future_construction_Rue_des_Andres_Saint-Maurice-de-Beynost_avril_2023-scaled.jpg 1920w, https:\/\/ecoprev.fr\/wp-content\/uploads\/2025\/04\/Travaux_de_canalisation_et_de_connexion_aux_reseaux_future_construction_Rue_des_Andres_Saint-Maurice-de-Beynost_avril_2023-225x300.jpg 225w, https:\/\/ecoprev.fr\/wp-content\/uploads\/2025\/04\/Travaux_de_canalisation_et_de_connexion_aux_reseaux_future_construction_Rue_des_Andres_Saint-Maurice-de-Beynost_avril_2023-768x1024.jpg 768w, https:\/\/ecoprev.fr\/wp-content\/uploads\/2025\/04\/Travaux_de_canalisation_et_de_connexion_aux_reseaux_future_construction_Rue_des_Andres_Saint-Maurice-de-Beynost_avril_2023-1152x1536.jpg 1152w, https:\/\/ecoprev.fr\/wp-content\/uploads\/2025\/04\/Travaux_de_canalisation_et_de_connexion_aux_reseaux_future_construction_Rue_des_Andres_Saint-Maurice-de-Beynost_avril_2023-1536x2048.jpg 1536w\" sizes=\"(max-width: 1920px) 100vw, 1920px\" \/>\t\t\t\t\t\t\t\t\t\t\t\t\t\t\t<\/div>\n\t\t\t\t<\/div>\n\t\t\t\t\t<\/div>\n\t\t<\/div>\n\t\t\t\t<div class=\"elementor-column elementor-col-50 elementor-top-column elementor-element elementor-element-9fc9e6a\" data-id=\"9fc9e6a\" data-element_type=\"column\">\n\t\t\t<div class=\"elementor-widget-wrap elementor-element-populated\">\n\t\t\t\t\t\t<div class=\"elementor-element elementor-element-f7746e5 elementor-widget elementor-widget-heading\" data-id=\"f7746e5\" data-element_type=\"widget\" data-widget_type=\"heading.default\">\n\t\t\t\t<div class=\"elementor-widget-container\">\n\t\t\t\t\t<h2 class=\"elementor-heading-title elementor-size-default\">L'AIPR, preuve de comp\u00e9tence de vos salari\u00e9s en mati\u00e8re de travaux \u00e0 proximit\u00e9 des r\u00e9seaux<\/h2>\t\t\t\t<\/div>\n\t\t\t\t<\/div>\n\t\t\t\t<div class=\"elementor-element elementor-element-64ad0a1 elementor-widget elementor-widget-text-editor\" data-id=\"64ad0a1\" data-element_type=\"widget\" data-widget_type=\"text-editor.default\">\n\t\t\t\t<div class=\"elementor-widget-container\">\n\t\t\t\t\t\t\t\t\t<p><u><b>Arr\u00eat\u00e9 du 18 d\u00e9cembre 2018 :<\/b><\/u> Sur tout chantier de travaux, l&rsquo;ensemble des op\u00e9rateurs d&rsquo;engin doivent \u00eatre titulaires d&rsquo;une AIPR. Sur tout chantier de travaux urgents, l&rsquo;ensemble des personnels intervenant en terrassement ou en approche des r\u00e9seaux a\u00e9riens doivent \u00eatre titulaires de l&rsquo;AIPR.<\/p>\t\t\t\t\t\t\t\t<\/div>\n\t\t\t\t<\/div>\n\t\t\t\t\t<\/div>\n\t\t<\/div>\n\t\t\t\t\t<\/div>\n\t\t<\/section>\n\t\t\t\t<section class=\"elementor-section elementor-top-section elementor-element elementor-element-5ed1793 elementor-section-content-middle elementor-section-boxed elementor-section-height-default elementor-section-height-default\" data-id=\"5ed1793\" data-element_type=\"section\" data-settings=\"{&quot;background_background&quot;:&quot;classic&quot;}\">\n\t\t\t\t\t\t<div class=\"elementor-container elementor-column-gap-default\">\n\t\t\t\t\t<div class=\"elementor-column elementor-col-50 elementor-top-column elementor-element elementor-element-bbae385\" data-id=\"bbae385\" data-element_type=\"column\">\n\t\t\t<div class=\"elementor-widget-wrap elementor-element-populated\">\n\t\t\t\t\t\t<div class=\"elementor-element elementor-element-bd8d3cb elementor-widget elementor-widget-heading\" data-id=\"bd8d3cb\" data-element_type=\"widget\" data-widget_type=\"heading.default\">\n\t\t\t\t<div class=\"elementor-widget-container\">\n\t\t\t\t\t<h2 class=\"elementor-heading-title elementor-size-default\">Op\u00e9rateur\/Encadrant\/Concepteur<\/h2>\t\t\t\t<\/div>\n\t\t\t\t<\/div>\n\t\t\t\t<div class=\"elementor-element elementor-element-0208913 elementor-widget elementor-widget-text-editor\" data-id=\"0208913\" data-element_type=\"widget\" data-widget_type=\"text-editor.default\">\n\t\t\t\t<div class=\"elementor-widget-container\">\n\t\t\t\t\t\t\t\t\t<h2 style=\"margin-top: 20px; margin-bottom: 10px; font-family: 'Roboto Slab'; font-weight: bold; line-height: 1.6em; color: #333333; font-size: 18px; text-transform: none; letter-spacing: normal; background-color: #ffffff;\">Formation AIPR encadrant<\/h2>\n<p style=\"margin-bottom: 20px; color: #666666; font-family: Roboto; font-size: 15px; background-color: #ffffff;\">Cette formation AIPR s&rsquo;adresse au salari\u00e9 de l\u2019entreprise de travaux intervenant en pr\u00e9paration administrative et technique des travaux. Pour tout chantier de travaux, au moins un salari\u00e9 de l\u2019ex\u00e9cutant de travaux doit \u00eatre identifiable comme titulaire d\u2019une AIPR encadrant.<\/p>\n<h2 style=\"margin-top: 20px; margin-bottom: 10px; font-family: 'Roboto Slab'; font-weight: bold; line-height: 1.6em; color: #333333; font-size: 18px; text-transform: none; letter-spacing: normal; background-color: #ffffff;\">Formation AIPR concepteur<\/h2>\n<p style=\"margin-bottom: 20px; color: #666666; font-family: Roboto; font-size: 15px; background-color: #ffffff;\">Cette formation AIPR s&rsquo;adresse au salari\u00e9 du ma\u00eetre d&rsquo;ouvrage ou du ma\u00eetre d\u2019\u0153uvre devant intervenir en pr\u00e9paration ou suivi des projets de travaux.<br style=\"margin: 0px; padding: 0px;\" \/>Pour tout projet de travaux, au moins un salari\u00e9 du ma\u00eetre d\u2019ouvrage ou de l\u2019organisme intervenant pour son compte, doit \u00eatre identifiable comme titulaire d\u2019une AIPR \u00ab concepteur \u00bb.<\/p>\n<h2 style=\"margin-top: 20px; margin-bottom: 10px; font-family: 'Roboto Slab'; font-weight: bold; line-height: 1.6em; color: #333333; font-size: 18px; text-transform: none; letter-spacing: normal; background-color: #ffffff;\">Formation AIPR op\u00e9rateur<\/h2>\n<p style=\"margin-bottom: 20px; color: #666666; font-family: Roboto; font-size: 15px; background-color: #ffffff;\">Cette formation AIPR s&rsquo;adresse au salari\u00e9 intervenant directement dans les travaux \u00e0 proximit\u00e9 des r\u00e9seaux a\u00e9riens ou enterr\u00e9s, soit en tant qu&rsquo;op\u00e9rateur d&rsquo;engin, soit dans le cadre de travaux urgents.<\/p>\t\t\t\t\t\t\t\t<\/div>\n\t\t\t\t<\/div>\n\t\t\t\t\t<\/div>\n\t\t<\/div>\n\t\t\t\t<div class=\"elementor-column elementor-col-50 elementor-top-column elementor-element elementor-element-5278431\" data-id=\"5278431\" data-element_type=\"column\">\n\t\t\t<div class=\"elementor-widget-wrap elementor-element-populated\">\n\t\t\t\t\t\t<div class=\"elementor-element elementor-element-3b3b9ed elementor-widget elementor-widget-image\" data-id=\"3b3b9ed\" data-element_type=\"widget\" data-widget_type=\"image.default\">\n\t\t\t\t<div class=\"elementor-widget-container\">\n\t\t\t\t\t\t\t\t\t\t\t\t\t\t\t<img decoding=\"async\" width=\"104\" height=\"83\" src=\"https:\/\/ecoprev.fr\/wp-content\/uploads\/2025\/04\/aipr.jpg\" class=\"attachment-full size-full wp-image-1143\" alt=\"\" \/>\t\t\t\t\t\t\t\t\t\t\t\t\t\t\t<\/div>\n\t\t\t\t<\/div>\n\t\t\t\t<div class=\"elementor-element elementor-element-e41cd31 elementor-widget elementor-widget-image\" data-id=\"e41cd31\" data-element_type=\"widget\" data-widget_type=\"image.default\">\n\t\t\t\t<div class=\"elementor-widget-container\">\n\t\t\t\t\t\t\t\t\t\t\t\t\t\t\t<img decoding=\"async\" width=\"2560\" height=\"1707\" src=\"https:\/\/ecoprev.fr\/wp-content\/uploads\/2025\/04\/Travaux_Canalisation_Eau_Route_Druillets_St_Cyr_Menthon_1-scaled.jpg\" class=\"attachment-full size-full wp-image-1144\" alt=\"\" srcset=\"https:\/\/ecoprev.fr\/wp-content\/uploads\/2025\/04\/Travaux_Canalisation_Eau_Route_Druillets_St_Cyr_Menthon_1-scaled.jpg 2560w, https:\/\/ecoprev.fr\/wp-content\/uploads\/2025\/04\/Travaux_Canalisation_Eau_Route_Druillets_St_Cyr_Menthon_1-300x200.jpg 300w, https:\/\/ecoprev.fr\/wp-content\/uploads\/2025\/04\/Travaux_Canalisation_Eau_Route_Druillets_St_Cyr_Menthon_1-1024x683.jpg 1024w, https:\/\/ecoprev.fr\/wp-content\/uploads\/2025\/04\/Travaux_Canalisation_Eau_Route_Druillets_St_Cyr_Menthon_1-768x512.jpg 768w, https:\/\/ecoprev.fr\/wp-content\/uploads\/2025\/04\/Travaux_Canalisation_Eau_Route_Druillets_St_Cyr_Menthon_1-1536x1024.jpg 1536w, https:\/\/ecoprev.fr\/wp-content\/uploads\/2025\/04\/Travaux_Canalisation_Eau_Route_Druillets_St_Cyr_Menthon_1-2048x1365.jpg 2048w, https:\/\/ecoprev.fr\/wp-content\/uploads\/2025\/04\/Travaux_Canalisation_Eau_Route_Druillets_St_Cyr_Menthon_1-930x620.jpg 930w\" sizes=\"(max-width: 2560px) 100vw, 2560px\" \/>\t\t\t\t\t\t\t\t\t\t\t\t\t\t\t<\/div>\n\t\t\t\t<\/div>\n\t\t\t\t<div class=\"elementor-element elementor-element-5fd0bf0 elementor-widget elementor-widget-image\" data-id=\"5fd0bf0\" data-element_type=\"widget\" data-widget_type=\"image.default\">\n\t\t\t\t<div class=\"elementor-widget-container\">\n\t\t\t\t\t\t\t\t\t\t\t\t\t\t\t<img loading=\"lazy\" decoding=\"async\" width=\"1836\" height=\"609\" src=\"https:\/\/ecoprev.fr\/wp-content\/uploads\/2025\/04\/20250411_180123-002.jpg\" class=\"attachment-full size-full wp-image-1146\" alt=\"\" srcset=\"https:\/\/ecoprev.fr\/wp-content\/uploads\/2025\/04\/20250411_180123-002.jpg 1836w, https:\/\/ecoprev.fr\/wp-content\/uploads\/2025\/04\/20250411_180123-002-300x100.jpg 300w, https:\/\/ecoprev.fr\/wp-content\/uploads\/2025\/04\/20250411_180123-002-1024x340.jpg 1024w, https:\/\/ecoprev.fr\/wp-content\/uploads\/2025\/04\/20250411_180123-002-768x255.jpg 768w, https:\/\/ecoprev.fr\/wp-content\/uploads\/2025\/04\/20250411_180123-002-1536x509.jpg 1536w\" sizes=\"(max-width: 1836px) 100vw, 1836px\" \/>\t\t\t\t\t\t\t\t\t\t\t\t\t\t\t<\/div>\n\t\t\t\t<\/div>\n\t\t\t\t\t<\/div>\n\t\t<\/div>\n\t\t\t\t\t<\/div>\n\t\t<\/section>\n\t\t<div class=\"elementor-element elementor-element-619dfbb e-flex e-con-boxed e-con e-parent\" data-id=\"619dfbb\" data-element_type=\"container\">\n\t\t\t\t\t<div class=\"e-con-inner\">\n\t\t<div class=\"elementor-element elementor-element-aca1112 e-con-full e-flex e-con e-child\" data-id=\"aca1112\" data-element_type=\"container\">\n\t\t\t\t<div class=\"elementor-element elementor-element-8838494 elementor-button-warning elementor-align-center elementor-widget elementor-widget-button\" data-id=\"8838494\" data-element_type=\"widget\" data-widget_type=\"button.default\">\n\t\t\t\t<div class=\"elementor-widget-container\">\n\t\t\t\t\t\t\t\t\t<div class=\"elementor-button-wrapper\">\n\t\t\t\t\t<a class=\"elementor-button elementor-button-link elementor-size-xl\" href=\"https:\/\/ecoprev.fr\/wp-content\/uploads\/2026\/03\/FP-AIPR-OPERATEUR.pdf\">\n\t\t\t\t\t\t<span class=\"elementor-button-content-wrapper\">\n\t\t\t\t\t\t\t\t\t<span class=\"elementor-button-text\">AIPR OPERATEUR - PROGRAMME PDF<\/span>\n\t\t\t\t\t<\/span>\n\t\t\t\t\t<\/a>\n\t\t\t\t<\/div>\n\t\t\t\t\t\t\t\t<\/div>\n\t\t\t\t<\/div>\n\t\t\t\t<\/div>\n\t\t<div class=\"elementor-element elementor-element-37e127f e-con-full e-flex e-con e-child\" data-id=\"37e127f\" data-element_type=\"container\">\n\t\t<div class=\"elementor-element elementor-element-5a10926 e-con-full e-flex e-con e-child\" data-id=\"5a10926\" data-element_type=\"container\">\n\t\t\t\t<div class=\"elementor-element elementor-element-f1fbac9 elementor-align-center elementor-widget elementor-widget-button\" data-id=\"f1fbac9\" data-element_type=\"widget\" data-widget_type=\"button.default\">\n\t\t\t\t<div class=\"elementor-widget-container\">\n\t\t\t\t\t\t\t\t\t<div class=\"elementor-button-wrapper\">\n\t\t\t\t\t<a class=\"elementor-button elementor-button-link elementor-size-xl\" href=\"https:\/\/ecoprev.fr\/index.php\/contact\/\">\n\t\t\t\t\t\t<span class=\"elementor-button-content-wrapper\">\n\t\t\t\t\t\t\t\t\t<span class=\"elementor-button-text\">TARIF : Nous consulter<\/span>\n\t\t\t\t\t<\/span>\n\t\t\t\t\t<\/a>\n\t\t\t\t<\/div>\n\t\t\t\t\t\t\t\t<\/div>\n\t\t\t\t<\/div>\n\t\t\t\t<\/div>\n\t\t\t\t<\/div>\n\t\t\t\t\t<\/div>\n\t\t\t\t<\/div>\n\t\t<div class=\"elementor-element elementor-element-ee3cf1b e-flex e-con-boxed e-con e-parent\" data-id=\"ee3cf1b\" data-element_type=\"container\">\n\t\t\t\t\t<div class=\"e-con-inner\">\n\t\t<div class=\"elementor-element elementor-element-d30053f e-con-full e-flex e-con e-child\" data-id=\"d30053f\" data-element_type=\"container\">\n\t\t\t\t<div class=\"elementor-element elementor-element-dc117dc elementor-button-warning elementor-align-center elementor-widget elementor-widget-button\" data-id=\"dc117dc\" data-element_type=\"widget\" data-widget_type=\"button.default\">\n\t\t\t\t<div class=\"elementor-widget-container\">\n\t\t\t\t\t\t\t\t\t<div class=\"elementor-button-wrapper\">\n\t\t\t\t\t<a class=\"elementor-button elementor-button-link elementor-size-xl\" href=\"https:\/\/ecoprev.fr\/wp-content\/uploads\/2026\/03\/FP-AIPR-ENCADRANT-CONCEPTEUR.pdf\">\n\t\t\t\t\t\t<span class=\"elementor-button-content-wrapper\">\n\t\t\t\t\t\t\t\t\t<span class=\"elementor-button-text\">AIPR ENCADRANT\/CONCEPTEUR - PROGRAMME PDF<\/span>\n\t\t\t\t\t<\/span>\n\t\t\t\t\t<\/a>\n\t\t\t\t<\/div>\n\t\t\t\t\t\t\t\t<\/div>\n\t\t\t\t<\/div>\n\t\t\t\t<\/div>\n\t\t<div class=\"elementor-element elementor-element-abd40f4 e-con-full e-flex e-con e-child\" data-id=\"abd40f4\" data-element_type=\"container\">\n\t\t<div class=\"elementor-element elementor-element-a744ffa e-con-full e-flex e-con e-child\" data-id=\"a744ffa\" data-element_type=\"container\">\n\t\t\t\t<div class=\"elementor-element elementor-element-84761b1 elementor-align-center elementor-widget elementor-widget-button\" data-id=\"84761b1\" data-element_type=\"widget\" data-widget_type=\"button.default\">\n\t\t\t\t<div class=\"elementor-widget-container\">\n\t\t\t\t\t\t\t\t\t<div class=\"elementor-button-wrapper\">\n\t\t\t\t\t<a class=\"elementor-button elementor-button-link elementor-size-xl\" href=\"https:\/\/ecoprev.fr\/index.php\/contact\/\">\n\t\t\t\t\t\t<span class=\"elementor-button-content-wrapper\">\n\t\t\t\t\t\t\t\t\t<span class=\"elementor-button-text\">TARIF : Nous consulter<\/span>\n\t\t\t\t\t<\/span>\n\t\t\t\t\t<\/a>\n\t\t\t\t<\/div>\n\t\t\t\t\t\t\t\t<\/div>\n\t\t\t\t<\/div>\n\t\t\t\t<\/div>\n\t\t\t\t<\/div>\n\t\t\t\t\t<\/div>\n\t\t\t\t<\/div>\n\t\t<div class=\"elementor-element elementor-element-d437028 e-flex e-con-boxed e-con e-parent\" data-id=\"d437028\" data-element_type=\"container\">\n\t\t\t\t\t<div class=\"e-con-inner\">\n\t\t<div class=\"elementor-element elementor-element-e2dc13d e-con-full e-flex e-con e-child\" data-id=\"e2dc13d\" data-element_type=\"container\">\n\t\t<div class=\"elementor-element elementor-element-66efe2b e-con-full e-flex e-con e-child\" data-id=\"66efe2b\" data-element_type=\"container\">\n\t\t<div class=\"elementor-element elementor-element-064fed0 e-con-full e-flex e-con e-child\" data-id=\"064fed0\" data-element_type=\"container\">\n\t\t<div class=\"elementor-element elementor-element-6b68401 e-con-full e-flex e-con e-child\" data-id=\"6b68401\" data-element_type=\"container\">\n\t\t\t\t<div class=\"elementor-element elementor-element-25d3149 elementor-widget elementor-widget-text-editor\" data-id=\"25d3149\" data-element_type=\"widget\" data-widget_type=\"text-editor.default\">\n\t\t\t\t<div class=\"elementor-widget-container\">\n\t\t\t\t\t\t\t\t\t<h5>Les formations aux risques AIPR diffus\u00e9es par l&rsquo;organisme de formation ECOPREV ont donn\u00e9 lieu \u00e0 un taux de satisfaction globale des stagiaires de :<\/h5>\t\t\t\t\t\t\t\t<\/div>\n\t\t\t\t<\/div>\n\t\t\t\t<div class=\"elementor-element elementor-element-c679551 elementor-button-success elementor-align-center elementor-widget elementor-widget-button\" data-id=\"c679551\" data-element_type=\"widget\" data-widget_type=\"button.default\">\n\t\t\t\t<div class=\"elementor-widget-container\">\n\t\t\t\t\t\t\t\t\t<div class=\"elementor-button-wrapper\">\n\t\t\t\t\t<a class=\"elementor-button elementor-button-link elementor-size-lg\" href=\"#\">\n\t\t\t\t\t\t<span class=\"elementor-button-content-wrapper\">\n\t\t\t\t\t\t\t\t\t<span class=\"elementor-button-text\">95%<\/span>\n\t\t\t\t\t<\/span>\n\t\t\t\t\t<\/a>\n\t\t\t\t<\/div>\n\t\t\t\t\t\t\t\t<\/div>\n\t\t\t\t<\/div>\n\t\t\t\t<div class=\"elementor-element elementor-element-63f9e02 elementor-widget elementor-widget-image\" data-id=\"63f9e02\" data-element_type=\"widget\" data-widget_type=\"image.default\">\n\t\t\t\t<div class=\"elementor-widget-container\">\n\t\t\t\t\t\t\t\t\t\t\t\t\t\t\t<img decoding=\"async\" src=\"https:\/\/ecoprev.fr\/wp-content\/uploads\/elementor\/thumbs\/MEDAILLE-r9rm84bopufg5bu74m7sbxz60dw6a9hbeh9l1qn0xg.jpg\" title=\"MEDAILLE\" alt=\"MEDAILLE\" loading=\"lazy\" \/>\t\t\t\t\t\t\t\t\t\t\t\t\t\t\t<\/div>\n\t\t\t\t<\/div>\n\t\t\t\t<\/div>\n\t\t\t\t<\/div>\n\t\t\t\t<\/div>\n\t\t\t\t<\/div>\n\t\t\t\t\t<\/div>\n\t\t\t\t<\/div>\n\t\t\t\t<\/div>\n\t\t","protected":false},"excerpt":{"rendered":"<p>AUTORISATION D&rsquo;INTERVENTION A PROXIMITE DES RESEAUX (AIPR) L&rsquo;AIPR, preuve de comp\u00e9tence de vos salari\u00e9s en mati\u00e8re de travaux \u00e0 proximit\u00e9 des r\u00e9seaux Arr\u00eat\u00e9 du 18 d\u00e9cembre 2018 : Sur tout chantier de travaux, l&rsquo;ensemble des op\u00e9rateurs d&rsquo;engin doivent \u00eatre titulaires d&rsquo;une AIPR. Sur tout chantier de travaux urgents, l&rsquo;ensemble des personnels intervenant en terrassement ou&hellip;&nbsp;<a href=\"https:\/\/ecoprev.fr\/index.php\/autorisation-d-intervention-a-proximite-des-reseaux-aipr-2\/\" rel=\"bookmark\">Lire la suite &raquo;<span class=\"screen-reader-text\">AUTORISATION D INTERVENTION A PROXIMITE DES RESEAUX (AIPR)<\/span><\/a><\/p>\n","protected":false},"author":1,"featured_media":0,"parent":0,"menu_order":0,"comment_status":"closed","ping_status":"closed","template":"page-templates\/template-pagebuilder-full-width.php","meta":{"neve_meta_sidebar":"","neve_meta_container":"","neve_meta_enable_content_width":"","neve_meta_content_width":0,"neve_meta_title_alignment":"","neve_meta_author_avatar":"","neve_post_elements_order":"","neve_meta_disable_header":"","neve_meta_disable_footer":"","neve_meta_disable_title":"","_themeisle_gutenberg_block_has_review":false,"footnotes":""},"class_list":["post-1307","page","type-page","status-publish","hentry"],"aioseo_notices":[],"_links":{"self":[{"href":"https:\/\/ecoprev.fr\/index.php\/wp-json\/wp\/v2\/pages\/1307","targetHints":{"allow":["GET"]}}],"collection":[{"href":"https:\/\/ecoprev.fr\/index.php\/wp-json\/wp\/v2\/pages"}],"about":[{"href":"https:\/\/ecoprev.fr\/index.php\/wp-json\/wp\/v2\/types\/page"}],"author":[{"embeddable":true,"href":"https:\/\/ecoprev.fr\/index.php\/wp-json\/wp\/v2\/users\/1"}],"replies":[{"embeddable":true,"href":"https:\/\/ecoprev.fr\/index.php\/wp-json\/wp\/v2\/comments?post=1307"}],"version-history":[{"count":23,"href":"https:\/\/ecoprev.fr\/index.php\/wp-json\/wp\/v2\/pages\/1307\/revisions"}],"predecessor-version":[{"id":1767,"href":"https:\/\/ecoprev.fr\/index.php\/wp-json\/wp\/v2\/pages\/1307\/revisions\/1767"}],"wp:attachment":[{"href":"https:\/\/ecoprev.fr\/index.php\/wp-json\/wp\/v2\/media?parent=1307"}],"curies":[{"name":"wp","href":"https:\/\/api.w.org\/{rel}","templated":true}]}}