{"id":1204,"date":"2025-05-04T14:19:28","date_gmt":"2025-05-04T12:19:28","guid":{"rendered":"https:\/\/ecoprev.fr\/?page_id=1204"},"modified":"2026-03-23T09:28:24","modified_gmt":"2026-03-23T08:28:24","slug":"echafaudage-echafaudages-fixe-roulant-montage-demontage-reception","status":"publish","type":"page","link":"https:\/\/ecoprev.fr\/index.php\/echafaudage-echafaudages-fixe-roulant-montage-demontage-reception\/","title":{"rendered":"ECHAFAUDAGE"},"content":{"rendered":"\t\t<div data-elementor-type=\"wp-page\" data-elementor-id=\"1204\" class=\"elementor elementor-1204\">\n\t\t\t\t\t\t<section class=\"elementor-section elementor-top-section elementor-element elementor-element-46ff3b6a elementor-section-height-min-height elementor-section-boxed elementor-section-height-default elementor-section-items-middle\" data-id=\"46ff3b6a\" data-element_type=\"section\" data-settings=\"{&quot;background_background&quot;:&quot;classic&quot;}\">\n\t\t\t\t\t\t\t<div class=\"elementor-background-overlay\"><\/div>\n\t\t\t\t\t\t\t<div class=\"elementor-container elementor-column-gap-extended\">\n\t\t\t\t\t<div class=\"elementor-column elementor-col-100 elementor-top-column elementor-element elementor-element-24642f24\" data-id=\"24642f24\" data-element_type=\"column\">\n\t\t\t<div class=\"elementor-widget-wrap elementor-element-populated\">\n\t\t\t\t\t\t<div class=\"elementor-element elementor-element-24d096ea elementor-widget elementor-widget-heading\" data-id=\"24d096ea\" data-element_type=\"widget\" data-widget_type=\"heading.default\">\n\t\t\t\t<div class=\"elementor-widget-container\">\n\t\t\t\t\t<h1 class=\"elementor-heading-title elementor-size-default\">ECHAFAUDAGES<\/h1>\t\t\t\t<\/div>\n\t\t\t\t<\/div>\n\t\t\t\t\t<\/div>\n\t\t<\/div>\n\t\t\t\t\t<\/div>\n\t\t<\/section>\n\t\t\t\t<section class=\"elementor-section elementor-top-section elementor-element elementor-element-5632ea95 elementor-section-content-middle elementor-section-boxed elementor-section-height-default elementor-section-height-default\" data-id=\"5632ea95\" data-element_type=\"section\" data-settings=\"{&quot;background_background&quot;:&quot;classic&quot;}\">\n\t\t\t\t\t\t<div class=\"elementor-container elementor-column-gap-default\">\n\t\t\t\t\t<div class=\"elementor-column elementor-col-50 elementor-top-column elementor-element elementor-element-30fdfbea\" data-id=\"30fdfbea\" data-element_type=\"column\">\n\t\t\t<div class=\"elementor-widget-wrap elementor-element-populated\">\n\t\t\t\t\t\t<div class=\"elementor-element elementor-element-53f3d7a5 elementor-widget elementor-widget-image\" data-id=\"53f3d7a5\" data-element_type=\"widget\" data-widget_type=\"image.default\">\n\t\t\t\t<div class=\"elementor-widget-container\">\n\t\t\t\t\t\t\t\t\t\t\t\t\t\t\t<img fetchpriority=\"high\" decoding=\"async\" width=\"764\" height=\"452\" src=\"https:\/\/ecoprev.fr\/wp-content\/uploads\/2025\/05\/echafaudage-fixe.jpg\" class=\"attachment-full size-full wp-image-1206\" alt=\"\" srcset=\"https:\/\/ecoprev.fr\/wp-content\/uploads\/2025\/05\/echafaudage-fixe.jpg 764w, https:\/\/ecoprev.fr\/wp-content\/uploads\/2025\/05\/echafaudage-fixe-300x177.jpg 300w\" sizes=\"(max-width: 764px) 100vw, 764px\" \/>\t\t\t\t\t\t\t\t\t\t\t\t\t\t\t<\/div>\n\t\t\t\t<\/div>\n\t\t\t\t\t<\/div>\n\t\t<\/div>\n\t\t\t\t<div class=\"elementor-column elementor-col-50 elementor-top-column elementor-element elementor-element-1551e5c1\" data-id=\"1551e5c1\" data-element_type=\"column\">\n\t\t\t<div class=\"elementor-widget-wrap elementor-element-populated\">\n\t\t\t\t\t\t<div class=\"elementor-element elementor-element-12525fdf elementor-widget elementor-widget-heading\" data-id=\"12525fdf\" data-element_type=\"widget\" data-widget_type=\"heading.default\">\n\t\t\t\t<div class=\"elementor-widget-container\">\n\t\t\t\t\t<h2 class=\"elementor-heading-title elementor-size-default\">Le montage\/d\u00e9montage et l'utilisation d'\u00e9chafaudage fixe (\u00e9chafaudage de pieds) en s\u00e9curit\u00e9<\/h2>\t\t\t\t<\/div>\n\t\t\t\t<\/div>\n\t\t\t\t<div class=\"elementor-element elementor-element-48714c22 elementor-widget elementor-widget-text-editor\" data-id=\"48714c22\" data-element_type=\"widget\" data-widget_type=\"text-editor.default\">\n\t\t\t\t<div class=\"elementor-widget-container\">\n\t\t\t\t\t\t\t\t\t<p><span style=\"background-color: #ffffff;\"><span style=\"text-decoration: underline;\"><strong>A<\/strong><\/span><u><b><span style=\"text-decoration: underline;\">r<\/span>ticle R.4323-69 du Code du Travail : <\/b><\/u>\u00ab Les \u00e9chafaudages ne peuvent \u00eatre mont\u00e9s, d\u00e9mont\u00e9s ou sensiblement modifi\u00e9s que sous la direction d\u2019une personne comp\u00e9tente et par des travailleurs qui ont re\u00e7u une formation ad\u00e9quate et sp\u00e9cifique aux op\u00e9rations envisag\u00e9es \u00bb<\/span><\/p>\t\t\t\t\t\t\t\t<\/div>\n\t\t\t\t<\/div>\n\t\t\t\t\t<\/div>\n\t\t<\/div>\n\t\t\t\t\t<\/div>\n\t\t<\/section>\n\t\t<div class=\"elementor-element elementor-element-bcdb461 e-flex e-con-boxed e-con e-parent\" data-id=\"bcdb461\" data-element_type=\"container\">\n\t\t\t\t\t<div class=\"e-con-inner\">\n\t\t<div class=\"elementor-element elementor-element-997418c e-con-full e-flex e-con e-child\" data-id=\"997418c\" data-element_type=\"container\">\n\t\t\t\t<div class=\"elementor-element elementor-element-921e4b8 elementor-button-warning elementor-align-center elementor-widget elementor-widget-button\" data-id=\"921e4b8\" data-element_type=\"widget\" data-widget_type=\"button.default\">\n\t\t\t\t<div class=\"elementor-widget-container\">\n\t\t\t\t\t\t\t\t\t<div class=\"elementor-button-wrapper\">\n\t\t\t\t\t<a class=\"elementor-button elementor-button-link elementor-size-xl\" href=\"https:\/\/ecoprev.fr\/wp-content\/uploads\/2025\/05\/FP-MONTAGE-DEMONTAGE-ECHAFAUDAGE-FIXE.pdf\">\n\t\t\t\t\t\t<span class=\"elementor-button-content-wrapper\">\n\t\t\t\t\t\t\t\t\t<span class=\"elementor-button-text\">MONTAGE\/DEMONTAGE ECHAFAUDAGE FIXE PDF<\/span>\n\t\t\t\t\t<\/span>\n\t\t\t\t\t<\/a>\n\t\t\t\t<\/div>\n\t\t\t\t\t\t\t\t<\/div>\n\t\t\t\t<\/div>\n\t\t\t\t<\/div>\n\t\t<div class=\"elementor-element elementor-element-6552e48 e-con-full e-flex e-con e-child\" data-id=\"6552e48\" data-element_type=\"container\">\n\t\t\t\t<div class=\"elementor-element elementor-element-4083d91 elementor-align-center elementor-widget elementor-widget-button\" data-id=\"4083d91\" data-element_type=\"widget\" data-widget_type=\"button.default\">\n\t\t\t\t<div class=\"elementor-widget-container\">\n\t\t\t\t\t\t\t\t\t<div class=\"elementor-button-wrapper\">\n\t\t\t\t\t<a class=\"elementor-button elementor-button-link elementor-size-xl\" href=\"https:\/\/ecoprev.fr\/index.php\/contact\/\">\n\t\t\t\t\t\t<span class=\"elementor-button-content-wrapper\">\n\t\t\t\t\t\t\t\t\t<span class=\"elementor-button-text\">TARIF : Nous consulter<\/span>\n\t\t\t\t\t<\/span>\n\t\t\t\t\t<\/a>\n\t\t\t\t<\/div>\n\t\t\t\t\t\t\t\t<\/div>\n\t\t\t\t<\/div>\n\t\t\t\t<\/div>\n\t\t\t\t\t<\/div>\n\t\t\t\t<\/div>\n\t\t<div class=\"elementor-element elementor-element-aa7fe31 e-flex e-con-boxed e-con e-parent\" data-id=\"aa7fe31\" data-element_type=\"container\">\n\t\t\t\t\t<div class=\"e-con-inner\">\n\t\t<div class=\"elementor-element elementor-element-de9a532 e-con-full e-flex e-con e-child\" data-id=\"de9a532\" data-element_type=\"container\">\n\t\t\t\t<div class=\"elementor-element elementor-element-f46c450 elementor-button-warning elementor-align-center elementor-widget elementor-widget-button\" data-id=\"f46c450\" data-element_type=\"widget\" data-widget_type=\"button.default\">\n\t\t\t\t<div class=\"elementor-widget-container\">\n\t\t\t\t\t\t\t\t\t<div class=\"elementor-button-wrapper\">\n\t\t\t\t\t<a class=\"elementor-button elementor-button-link elementor-size-xl\" href=\"https:\/\/ecoprev.fr\/wp-content\/uploads\/2026\/03\/FP-UTILISATION-VERIFICATION-JOURN-ECHAFAUDAGE-FIXE.pdf\">\n\t\t\t\t\t\t<span class=\"elementor-button-content-wrapper\">\n\t\t\t\t\t\t\t\t\t<span class=\"elementor-button-text\">UTILISATION  ECHAFAUDAGE FIXE PDF<\/span>\n\t\t\t\t\t<\/span>\n\t\t\t\t\t<\/a>\n\t\t\t\t<\/div>\n\t\t\t\t\t\t\t\t<\/div>\n\t\t\t\t<\/div>\n\t\t\t\t<\/div>\n\t\t<div class=\"elementor-element elementor-element-91fb477 e-con-full e-flex e-con e-child\" data-id=\"91fb477\" data-element_type=\"container\">\n\t\t\t\t<div class=\"elementor-element elementor-element-f631b52 elementor-align-center elementor-widget elementor-widget-button\" data-id=\"f631b52\" data-element_type=\"widget\" data-widget_type=\"button.default\">\n\t\t\t\t<div class=\"elementor-widget-container\">\n\t\t\t\t\t\t\t\t\t<div class=\"elementor-button-wrapper\">\n\t\t\t\t\t<a class=\"elementor-button elementor-button-link elementor-size-xl\" href=\"https:\/\/ecoprev.fr\/index.php\/contact\/\">\n\t\t\t\t\t\t<span class=\"elementor-button-content-wrapper\">\n\t\t\t\t\t\t\t\t\t<span class=\"elementor-button-text\">TARIF : Nous consulter<\/span>\n\t\t\t\t\t<\/span>\n\t\t\t\t\t<\/a>\n\t\t\t\t<\/div>\n\t\t\t\t\t\t\t\t<\/div>\n\t\t\t\t<\/div>\n\t\t\t\t<\/div>\n\t\t\t\t\t<\/div>\n\t\t\t\t<\/div>\n\t\t\t\t<section class=\"elementor-section elementor-top-section elementor-element elementor-element-39f5f558 elementor-section-content-middle elementor-section-boxed elementor-section-height-default elementor-section-height-default\" data-id=\"39f5f558\" data-element_type=\"section\" data-settings=\"{&quot;background_background&quot;:&quot;classic&quot;}\">\n\t\t\t\t\t\t<div class=\"elementor-container elementor-column-gap-default\">\n\t\t\t\t\t<div class=\"elementor-column elementor-col-50 elementor-top-column elementor-element elementor-element-778d9b8\" data-id=\"778d9b8\" data-element_type=\"column\">\n\t\t\t<div class=\"elementor-widget-wrap elementor-element-populated\">\n\t\t\t\t\t\t<div class=\"elementor-element elementor-element-87a0e1a elementor-widget elementor-widget-heading\" data-id=\"87a0e1a\" data-element_type=\"widget\" data-widget_type=\"heading.default\">\n\t\t\t\t<div class=\"elementor-widget-container\">\n\t\t\t\t\t<h2 class=\"elementor-heading-title elementor-size-default\">La r\u00e9ception (Ad\u00e9quation) d'\u00e9chafaudage fixe<\/h2>\t\t\t\t<\/div>\n\t\t\t\t<\/div>\n\t\t\t\t<div class=\"elementor-element elementor-element-5702cf69 elementor-widget elementor-widget-text-editor\" data-id=\"5702cf69\" data-element_type=\"widget\" data-widget_type=\"text-editor.default\">\n\t\t\t\t<div class=\"elementor-widget-container\">\n\t\t\t\t\t\t\t\t\t<p><span style=\"background-color: #ffffff;\">Cette v\u00e9rification rel\u00e8ve de la responsabilit\u00e9 de l&rsquo;entreprise utilisatrice. Elle doit \u00eatre effectu\u00e9e lors de la premi\u00e8re utilisation d&rsquo;un \u00e9chafaudage, apr\u00e8s tout d\u00e9montage-remontage, en cas de modification de sa configuration apr\u00e8s tout accident ou incident, en cas d&rsquo;\u00e9volution des conditions m\u00e9t\u00e9orologiques ou suite \u00e0 une interruption d&rsquo;utilisation d&rsquo;au moins un mois (Arr\u00eat\u00e9 du 21 d\u00e9cembre 2004 relatif aux v\u00e9rifications des \u00e9chafaudages)\u00a0<\/span><\/p>\t\t\t\t\t\t\t\t<\/div>\n\t\t\t\t<\/div>\n\t\t\t\t\t<\/div>\n\t\t<\/div>\n\t\t\t\t<div class=\"elementor-column elementor-col-50 elementor-top-column elementor-element elementor-element-4df826a8\" data-id=\"4df826a8\" data-element_type=\"column\">\n\t\t\t<div class=\"elementor-widget-wrap elementor-element-populated\">\n\t\t\t\t\t\t<div class=\"elementor-element elementor-element-3e9b6c8c elementor-widget elementor-widget-image\" data-id=\"3e9b6c8c\" data-element_type=\"widget\" data-widget_type=\"image.default\">\n\t\t\t\t<div class=\"elementor-widget-container\">\n\t\t\t\t\t\t\t\t\t\t\t\t\t\t\t<img decoding=\"async\" width=\"327\" height=\"652\" src=\"https:\/\/ecoprev.fr\/wp-content\/uploads\/2025\/05\/reception-echaf.jpg\" class=\"attachment-full size-full wp-image-1208\" alt=\"\" srcset=\"https:\/\/ecoprev.fr\/wp-content\/uploads\/2025\/05\/reception-echaf.jpg 327w, https:\/\/ecoprev.fr\/wp-content\/uploads\/2025\/05\/reception-echaf-150x300.jpg 150w\" sizes=\"(max-width: 327px) 100vw, 327px\" \/>\t\t\t\t\t\t\t\t\t\t\t\t\t\t\t<\/div>\n\t\t\t\t<\/div>\n\t\t\t\t\t<\/div>\n\t\t<\/div>\n\t\t\t\t\t<\/div>\n\t\t<\/section>\n\t\t<div class=\"elementor-element elementor-element-c891f61 e-flex e-con-boxed e-con e-parent\" data-id=\"c891f61\" data-element_type=\"container\">\n\t\t\t\t\t<div class=\"e-con-inner\">\n\t\t<div class=\"elementor-element elementor-element-769d898 e-con-full e-flex e-con e-child\" data-id=\"769d898\" data-element_type=\"container\">\n\t\t\t\t<div class=\"elementor-element elementor-element-47cc263 elementor-button-warning elementor-align-center elementor-widget elementor-widget-button\" data-id=\"47cc263\" data-element_type=\"widget\" data-widget_type=\"button.default\">\n\t\t\t\t<div class=\"elementor-widget-container\">\n\t\t\t\t\t\t\t\t\t<div class=\"elementor-button-wrapper\">\n\t\t\t\t\t<a class=\"elementor-button elementor-button-link elementor-size-xl\" href=\"https:\/\/ecoprev.fr\/wp-content\/uploads\/2026\/03\/FP-RECEPTION-CONFORMITE-ECHAFAUDAGE-FIXE.pdf\">\n\t\t\t\t\t\t<span class=\"elementor-button-content-wrapper\">\n\t\t\t\t\t\t\t\t\t<span class=\"elementor-button-text\">RECEPTION VERIFCATION CONFORMITE ECHAFAUDAGE FIXE PDF<\/span>\n\t\t\t\t\t<\/span>\n\t\t\t\t\t<\/a>\n\t\t\t\t<\/div>\n\t\t\t\t\t\t\t\t<\/div>\n\t\t\t\t<\/div>\n\t\t\t\t<\/div>\n\t\t<div class=\"elementor-element elementor-element-259d6b3 e-con-full e-flex e-con e-child\" data-id=\"259d6b3\" data-element_type=\"container\">\n\t\t\t\t<div class=\"elementor-element elementor-element-f2702d8 elementor-align-center elementor-widget elementor-widget-button\" data-id=\"f2702d8\" data-element_type=\"widget\" data-widget_type=\"button.default\">\n\t\t\t\t<div class=\"elementor-widget-container\">\n\t\t\t\t\t\t\t\t\t<div class=\"elementor-button-wrapper\">\n\t\t\t\t\t<a class=\"elementor-button elementor-button-link elementor-size-xl\" href=\"https:\/\/ecoprev.fr\/index.php\/contact\/\">\n\t\t\t\t\t\t<span class=\"elementor-button-content-wrapper\">\n\t\t\t\t\t\t\t\t\t<span class=\"elementor-button-text\">TARIF : Nous consulter<\/span>\n\t\t\t\t\t<\/span>\n\t\t\t\t\t<\/a>\n\t\t\t\t<\/div>\n\t\t\t\t\t\t\t\t<\/div>\n\t\t\t\t<\/div>\n\t\t\t\t<\/div>\n\t\t\t\t\t<\/div>\n\t\t\t\t<\/div>\n\t\t\t\t<section class=\"elementor-section elementor-top-section elementor-element elementor-element-08e30fc elementor-section-content-middle elementor-section-boxed elementor-section-height-default elementor-section-height-default\" data-id=\"08e30fc\" data-element_type=\"section\" data-settings=\"{&quot;background_background&quot;:&quot;classic&quot;}\">\n\t\t\t\t\t\t<div class=\"elementor-container elementor-column-gap-default\">\n\t\t\t\t\t<div class=\"elementor-column elementor-col-50 elementor-top-column elementor-element elementor-element-7a03883\" data-id=\"7a03883\" data-element_type=\"column\">\n\t\t\t<div class=\"elementor-widget-wrap elementor-element-populated\">\n\t\t\t\t\t\t<div class=\"elementor-element elementor-element-8ed90df elementor-widget elementor-widget-heading\" data-id=\"8ed90df\" data-element_type=\"widget\" data-widget_type=\"heading.default\">\n\t\t\t\t<div class=\"elementor-widget-container\">\n\t\t\t\t\t<h2 class=\"elementor-heading-title elementor-size-default\">Le montage\/d\u00e9montage d'\u00e9chafaudage roulant en s\u00e9curit\u00e9<\/h2>\t\t\t\t<\/div>\n\t\t\t\t<\/div>\n\t\t\t\t<div class=\"elementor-element elementor-element-5529a74 elementor-widget elementor-widget-text-editor\" data-id=\"5529a74\" data-element_type=\"widget\" data-widget_type=\"text-editor.default\">\n\t\t\t\t<div class=\"elementor-widget-container\">\n\t\t\t\t\t\t\t\t\t<p><span style=\"background-color: #ffffff;\">L&rsquo;\u00e9chafaudage roulant est un\u00a0<b>\u00e9quipement de travail con\u00e7u pour diff\u00e9rents types de travaux en hauteur<\/b>. Il est tr\u00e8s pratique car il est rapide \u00e0 monter et \u00e0 installer. Il repr\u00e9sente cependant un risque de chute de hauteur, particuli\u00e8rement pour le secteur de la construction et du BTP. C&rsquo;est pourquoi ,ECOPREV accompagne les entreprises \u00e0 former leurs salari\u00e9s au montage\/d\u00e9montage en s\u00e9curit\u00e9 de ces \u00e9quipements.<\/span><\/p>\t\t\t\t\t\t\t\t<\/div>\n\t\t\t\t<\/div>\n\t\t\t\t\t<\/div>\n\t\t<\/div>\n\t\t\t\t<div class=\"elementor-column elementor-col-50 elementor-top-column elementor-element elementor-element-00630db\" data-id=\"00630db\" data-element_type=\"column\">\n\t\t\t<div class=\"elementor-widget-wrap elementor-element-populated\">\n\t\t\t\t\t\t<div class=\"elementor-element elementor-element-859e27a elementor-widget elementor-widget-image\" data-id=\"859e27a\" data-element_type=\"widget\" data-widget_type=\"image.default\">\n\t\t\t\t<div class=\"elementor-widget-container\">\n\t\t\t\t\t\t\t\t\t\t\t\t\t\t\t<img decoding=\"async\" width=\"495\" height=\"577\" src=\"https:\/\/ecoprev.fr\/wp-content\/uploads\/2025\/05\/echafaudage-roulant.jpg\" class=\"attachment-full size-full wp-image-1207\" alt=\"\" srcset=\"https:\/\/ecoprev.fr\/wp-content\/uploads\/2025\/05\/echafaudage-roulant.jpg 495w, https:\/\/ecoprev.fr\/wp-content\/uploads\/2025\/05\/echafaudage-roulant-257x300.jpg 257w\" sizes=\"(max-width: 495px) 100vw, 495px\" \/>\t\t\t\t\t\t\t\t\t\t\t\t\t\t\t<\/div>\n\t\t\t\t<\/div>\n\t\t\t\t\t<\/div>\n\t\t<\/div>\n\t\t\t\t\t<\/div>\n\t\t<\/section>\n\t\t<div class=\"elementor-element elementor-element-f235b8e e-flex e-con-boxed e-con e-parent\" data-id=\"f235b8e\" data-element_type=\"container\">\n\t\t\t\t\t<div class=\"e-con-inner\">\n\t\t<div class=\"elementor-element elementor-element-195f3f4 e-con-full e-flex e-con e-child\" data-id=\"195f3f4\" data-element_type=\"container\">\n\t\t\t\t<div class=\"elementor-element elementor-element-b4a5cee elementor-button-warning elementor-align-center elementor-widget elementor-widget-button\" data-id=\"b4a5cee\" data-element_type=\"widget\" data-widget_type=\"button.default\">\n\t\t\t\t<div class=\"elementor-widget-container\">\n\t\t\t\t\t\t\t\t\t<div class=\"elementor-button-wrapper\">\n\t\t\t\t\t<a class=\"elementor-button elementor-button-link elementor-size-xl\" href=\"https:\/\/ecoprev.fr\/wp-content\/uploads\/2026\/03\/FP-MONTAGE-DEMONTAGE-ECHAFAUDAGE-ROULANT.pdf\">\n\t\t\t\t\t\t<span class=\"elementor-button-content-wrapper\">\n\t\t\t\t\t\t\t\t\t<span class=\"elementor-button-text\">MONTAGE DEMONTAGE ECHAFAUDAGE ROULANT PDF<\/span>\n\t\t\t\t\t<\/span>\n\t\t\t\t\t<\/a>\n\t\t\t\t<\/div>\n\t\t\t\t\t\t\t\t<\/div>\n\t\t\t\t<\/div>\n\t\t\t\t<\/div>\n\t\t<div class=\"elementor-element elementor-element-fdd1fa2 e-con-full e-flex e-con e-child\" data-id=\"fdd1fa2\" data-element_type=\"container\">\n\t\t\t\t<div class=\"elementor-element elementor-element-6c2b71a elementor-align-center elementor-widget elementor-widget-button\" data-id=\"6c2b71a\" data-element_type=\"widget\" data-widget_type=\"button.default\">\n\t\t\t\t<div class=\"elementor-widget-container\">\n\t\t\t\t\t\t\t\t\t<div class=\"elementor-button-wrapper\">\n\t\t\t\t\t<a class=\"elementor-button elementor-button-link elementor-size-xl\" href=\"https:\/\/ecoprev.fr\/index.php\/contact\/\">\n\t\t\t\t\t\t<span class=\"elementor-button-content-wrapper\">\n\t\t\t\t\t\t\t\t\t<span class=\"elementor-button-text\">TARIF : Nous consulter<\/span>\n\t\t\t\t\t<\/span>\n\t\t\t\t\t<\/a>\n\t\t\t\t<\/div>\n\t\t\t\t\t\t\t\t<\/div>\n\t\t\t\t<\/div>\n\t\t\t\t<\/div>\n\t\t\t\t\t<\/div>\n\t\t\t\t<\/div>\n\t\t<div class=\"elementor-element elementor-element-29a4106 e-flex e-con-boxed e-con e-parent\" data-id=\"29a4106\" data-element_type=\"container\">\n\t\t\t\t\t<div class=\"e-con-inner\">\n\t\t<div class=\"elementor-element elementor-element-a5c11f7 e-con-full e-flex e-con e-child\" data-id=\"a5c11f7\" data-element_type=\"container\">\n\t\t<div class=\"elementor-element elementor-element-f9d4f0d e-con-full e-flex e-con e-child\" data-id=\"f9d4f0d\" data-element_type=\"container\">\n\t\t<div class=\"elementor-element elementor-element-42d31c3 e-con-full e-flex e-con e-child\" data-id=\"42d31c3\" data-element_type=\"container\">\n\t\t<div class=\"elementor-element elementor-element-c88250e e-con-full e-flex e-con e-child\" data-id=\"c88250e\" data-element_type=\"container\">\n\t\t\t\t<div class=\"elementor-element elementor-element-79d8cfe elementor-widget elementor-widget-text-editor\" data-id=\"79d8cfe\" data-element_type=\"widget\" data-widget_type=\"text-editor.default\">\n\t\t\t\t<div class=\"elementor-widget-container\">\n\t\t\t\t\t\t\t\t\t<h5>Les formations \u00e9chafaudages, diffus\u00e9es par l&rsquo;organisme de formation ECOPREV, ont donn\u00e9 lieu \u00e0 un taux de satisfaction globale des stagiaires de :<\/h5>\t\t\t\t\t\t\t\t<\/div>\n\t\t\t\t<\/div>\n\t\t\t\t<div class=\"elementor-element elementor-element-29d4153 elementor-button-success elementor-align-center elementor-widget elementor-widget-button\" data-id=\"29d4153\" data-element_type=\"widget\" data-widget_type=\"button.default\">\n\t\t\t\t<div class=\"elementor-widget-container\">\n\t\t\t\t\t\t\t\t\t<div class=\"elementor-button-wrapper\">\n\t\t\t\t\t<a class=\"elementor-button elementor-button-link elementor-size-lg\" href=\"#\">\n\t\t\t\t\t\t<span class=\"elementor-button-content-wrapper\">\n\t\t\t\t\t\t\t\t\t<span class=\"elementor-button-text\">99%<\/span>\n\t\t\t\t\t<\/span>\n\t\t\t\t\t<\/a>\n\t\t\t\t<\/div>\n\t\t\t\t\t\t\t\t<\/div>\n\t\t\t\t<\/div>\n\t\t\t\t<div class=\"elementor-element elementor-element-b6253bf elementor-widget elementor-widget-image\" data-id=\"b6253bf\" data-element_type=\"widget\" data-widget_type=\"image.default\">\n\t\t\t\t<div class=\"elementor-widget-container\">\n\t\t\t\t\t\t\t\t\t\t\t\t\t\t\t<img decoding=\"async\" src=\"https:\/\/ecoprev.fr\/wp-content\/uploads\/elementor\/thumbs\/MEDAILLE-r9rm84bopufg5bu74m7sbxz60dw6a9hbeh9l1qn0xg.jpg\" title=\"MEDAILLE\" alt=\"MEDAILLE\" loading=\"lazy\" \/>\t\t\t\t\t\t\t\t\t\t\t\t\t\t\t<\/div>\n\t\t\t\t<\/div>\n\t\t\t\t<\/div>\n\t\t\t\t<\/div>\n\t\t\t\t<\/div>\n\t\t\t\t<\/div>\n\t\t\t\t\t<\/div>\n\t\t\t\t<\/div>\n\t\t\t\t<\/div>\n\t\t","protected":false},"excerpt":{"rendered":"<p>ECHAFAUDAGES Le montage\/d\u00e9montage et l&rsquo;utilisation d&rsquo;\u00e9chafaudage fixe (\u00e9chafaudage de pieds) en s\u00e9curit\u00e9 Article R.4323-69 du Code du Travail : \u00ab Les \u00e9chafaudages ne peuvent \u00eatre mont\u00e9s, d\u00e9mont\u00e9s ou sensiblement modifi\u00e9s que sous la direction d\u2019une personne comp\u00e9tente et par des travailleurs qui ont re\u00e7u une formation ad\u00e9quate et sp\u00e9cifique aux op\u00e9rations envisag\u00e9es \u00bb MONTAGE\/DEMONTAGE ECHAFAUDAGE&hellip;&nbsp;<a href=\"https:\/\/ecoprev.fr\/index.php\/echafaudage-echafaudages-fixe-roulant-montage-demontage-reception\/\" rel=\"bookmark\">Lire la suite &raquo;<span class=\"screen-reader-text\">ECHAFAUDAGE<\/span><\/a><\/p>\n","protected":false},"author":1,"featured_media":0,"parent":0,"menu_order":0,"comment_status":"closed","ping_status":"closed","template":"page-templates\/template-pagebuilder-full-width.php","meta":{"neve_meta_sidebar":"","neve_meta_container":"","neve_meta_enable_content_width":"","neve_meta_content_width":0,"neve_meta_title_alignment":"","neve_meta_author_avatar":"","neve_post_elements_order":"","neve_meta_disable_header":"","neve_meta_disable_footer":"","neve_meta_disable_title":"","_themeisle_gutenberg_block_has_review":false,"footnotes":""},"class_list":["post-1204","page","type-page","status-publish","hentry"],"aioseo_notices":[],"_links":{"self":[{"href":"https:\/\/ecoprev.fr\/index.php\/wp-json\/wp\/v2\/pages\/1204","targetHints":{"allow":["GET"]}}],"collection":[{"href":"https:\/\/ecoprev.fr\/index.php\/wp-json\/wp\/v2\/pages"}],"about":[{"href":"https:\/\/ecoprev.fr\/index.php\/wp-json\/wp\/v2\/types\/page"}],"author":[{"embeddable":true,"href":"https:\/\/ecoprev.fr\/index.php\/wp-json\/wp\/v2\/users\/1"}],"replies":[{"embeddable":true,"href":"https:\/\/ecoprev.fr\/index.php\/wp-json\/wp\/v2\/comments?post=1204"}],"version-history":[{"count":26,"href":"https:\/\/ecoprev.fr\/index.php\/wp-json\/wp\/v2\/pages\/1204\/revisions"}],"predecessor-version":[{"id":1773,"href":"https:\/\/ecoprev.fr\/index.php\/wp-json\/wp\/v2\/pages\/1204\/revisions\/1773"}],"wp:attachment":[{"href":"https:\/\/ecoprev.fr\/index.php\/wp-json\/wp\/v2\/media?parent=1204"}],"curies":[{"name":"wp","href":"https:\/\/api.w.org\/{rel}","templated":true}]}}